{"id":899,"date":"2015-10-17T16:19:02","date_gmt":"2015-10-17T16:19:02","guid":{"rendered":"http:\/\/paperandkraft.com\/shop\/?product=la-plume-2"},"modified":"2022-01-07T21:04:08","modified_gmt":"2022-01-07T21:04:08","slug":"la-plume-2","status":"publish","type":"product","link":"https:\/\/paperandkraft.com\/shop\/produit\/la-plume-2\/","title":{"rendered":"L\u00e9ger comme une Plume"},"content":{"rendered":"<p>La naissance d&#8217;un enfant est unique, et l&#8217;annonce de sa venue est une \u00e9tape importante et contribue \u00e0 fabriquer des souvenirs inoubliables. Un b\u00e9b\u00e9 l\u00e9ger comme plume est arriv\u00e9 dans votre vie et vous souhaitez l&#8217;annoncer \u00e0 tous vos amis et proches.<\/p>\n<h3>Pourquoi choisir le faire-part de naissance plume pour annoncer la naissance de votre enfant ?<\/h3>\n<p>La plume est le symbole de la l\u00e9g\u00e8ret\u00e9, de la simplicit\u00e9 et de la puret\u00e9. N&#8217;est ce pas le symbole appropri\u00e9 pour annoncer la venue au monde de votre nouveau n\u00e9 ? Ce petit boutchou de quelques centim\u00e8tres ne fait que quelques milliers de grammes. Si fr\u00eale et fragile comme les plumes d&#8217; un oiseau, votre b\u00e9b\u00e9 est la plus belle chose qui vous soit arriv\u00e9e.<\/p>\n<p>Personnalisez le faire-part plume comme vous le souhaitez :<\/p>\n<ul>\n<li>Vous attendez un gar\u00e7on ? Alors nous changerons la couleur de la plume par une teinte plus masculine comme le bleu, le vert, le rouge ou le marron peut-\u00eatre<\/li>\n<li>C&#8217;est une petite fille que vous avez mis au monde, alors optez pour une plume dans un ton pastel comme le rose ou le vert anis<\/li>\n<\/ul>\n<p>Imaginez un texte tout en l\u00e9g\u00e8ret\u00e9 et simplicit\u00e9 \u00e0 l&#8217;image de la plume que vous avez choisi. Nous vous proposerons une mise en page \u00e9l\u00e9gante, a\u00e9r\u00e9e et \u00e9quilibr\u00e9e. Elle sera illustr\u00e9e par de l\u00e9g\u00e8res plumes de couleur.<\/p>\n<p>Avec vous nous r\u00e9aliserons le faire-part de naissance de vos r\u00eaves. Il sera unique, original et plein de douceur comme une plume&#8230;.<\/p>\n<p>A personnaliser selon vos envies<\/p>\n","protected":false},"excerpt":{"rendered":"<p style=\"text-align: center;\"><a href=\"https:\/\/paperandkraft.com\/shop\/votre-maquette-naissance-gratuite-2\/?nom_du_modele=Leger%20comme%20une%20plume\" target=\"blank\" class=\"button secondary is-secondary is-medium hide-for-small\" >\n\t\t<span>Je demande ma maquette gratuite<\/span>\n\t<\/a>\n\n<a href=\"https:\/\/paperandkraft.com\/shop\/votre-maquette-naissance-gratuite-2\/?nom_du_modele=Leger%20comme%20une%20plume\" target=\"_blank\" class=\"button secondary is-medium expand sticky-footer-button show-for-small\" rel=\"noopener\" >\n\t\t<span>Je demande<br \/>\nma maquette gratuite<\/span>\n\t<\/a>\n\n","protected":false},"featured_media":16410,"comment_status":"open","ping_status":"closed","template":"","meta":{"_acf_changed":false,"inline_featured_image":false},"product_brand":[],"product_cat":[222,225,70,67,194,110],"product_tag":[],"class_list":{"0":"post-899","1":"product","2":"type-product","3":"status-publish","4":"has-post-thumbnail","6":"product_cat-carte-de-naissance","7":"product_cat-faire-part-naissance-mixte","8":"product_cat-faire-part-kids","9":"product_cat-faire-part-naissance-fille","10":"product_cat-faire-part-naissance-nature","11":"product_cat-faire-part-naissance-original","13":"first","14":"instock","15":"taxable","16":"shipping-taxable","17":"purchasable","18":"product-type-simple"},"acf":[],"yoast_head":"<!-- This site is optimized with the Yoast SEO Premium plugin v24.6 (Yoast SEO v27.4) - https:\/\/yoast.com\/product\/yoast-seo-premium-wordpress\/ -->\n<title>Faire-part de naissance plume - Paperandkraft.com<\/title>\n<meta name=\"description\" content=\"D\u00e9couvrez et personnalisez votre faire-part naissance plume. Rose ? bleue ? verte ? Choisissez la couleur de votre plume pour annoncer la naissance de votre enfant !\" \/>\n<meta name=\"robots\" content=\"index, follow, max-snippet:-1, max-image-preview:large, max-video-preview:-1\" \/>\n<link rel=\"canonical\" href=\"https:\/\/paperandkraft.com\/shop\/produit\/la-plume-2\/\" \/>\n<meta property=\"og:locale\" content=\"fr_FR\" \/>\n<meta property=\"og:type\" content=\"article\" \/>\n<meta property=\"og:title\" content=\"L\u00e9ger comme une Plume\" \/>\n<meta property=\"og:url\" content=\"https:\/\/paperandkraft.com\/shop\/produit\/la-plume-2\/\" \/>\n<meta property=\"og:site_name\" content=\"PaperAndKraft\" \/>\n<meta property=\"article:publisher\" content=\"https:\/\/www.facebook.com\/paperandkraft\" \/>\n<meta property=\"article:modified_time\" content=\"2022-01-07T21:04:08+00:00\" \/>\n<meta property=\"og:image\" content=\"https:\/\/paperandkraft.com\/shop\/wp-content\/uploads\/2020\/03\/plume-couv.jpg\" \/>\n\t<meta property=\"og:image:width\" content=\"1134\" \/>\n\t<meta property=\"og:image:height\" content=\"1134\" \/>\n\t<meta property=\"og:image:type\" content=\"image\/jpeg\" \/>\n<meta name=\"twitter:card\" content=\"summary_large_image\" \/>\n<meta name=\"twitter:label1\" content=\"Prix\" \/>\n\t<meta name=\"twitter:data1\" content=\"4.00&euro;\" \/>\n\t<meta name=\"twitter:label2\" content=\"Disponibilit\u00e9\" \/>\n\t<meta name=\"twitter:data2\" content=\"En stock\" \/>\n<meta property=\"product:price:amount\" content=\"4.00\" \/>\n<meta property=\"product:price:currency\" content=\"EUR\" \/>\n<meta property=\"og:availability\" content=\"instock\" \/>\n<meta property=\"product:availability\" content=\"instock\" \/>\n<meta property=\"product:condition\" content=\"new\" \/>\n<!-- \/ Yoast SEO Premium plugin. -->","yoast_head_json":{"title":"Faire-part de naissance plume - Paperandkraft.com","description":"D\u00e9couvrez et personnalisez votre faire-part naissance plume. Rose ? bleue ? verte ? Choisissez la couleur de votre plume pour annoncer la naissance de votre enfant !","robots":{"index":"index","follow":"follow","max-snippet":"max-snippet:-1","max-image-preview":"max-image-preview:large","max-video-preview":"max-video-preview:-1"},"canonical":"https:\/\/paperandkraft.com\/shop\/produit\/la-plume-2\/","og_locale":"fr_FR","og_type":"article","og_title":"L\u00e9ger comme une Plume","og_url":"https:\/\/paperandkraft.com\/shop\/produit\/la-plume-2\/","og_site_name":"PaperAndKraft","article_publisher":"https:\/\/www.facebook.com\/paperandkraft","article_modified_time":"2022-01-07T21:04:08+00:00","og_image":[{"width":1134,"height":1134,"url":"https:\/\/paperandkraft.com\/shop\/wp-content\/uploads\/2020\/03\/plume-couv.jpg","type":"image\/jpeg"}],"twitter_card":"summary_large_image","twitter_misc":{"Prix":"4.00&euro;","Disponibilit\u00e9":"En stock"},"schema":{"@context":"https:\/\/schema.org","@graph":[{"@type":"WebPage","@id":"https:\/\/paperandkraft.com\/shop\/produit\/la-plume-2\/","url":"https:\/\/paperandkraft.com\/shop\/produit\/la-plume-2\/","name":"Faire-part de naissance plume - Paperandkraft.com","isPartOf":{"@id":"https:\/\/paperandkraft.com\/shop\/#website"},"primaryImageOfPage":{"@id":"https:\/\/paperandkraft.com\/shop\/produit\/la-plume-2\/#primaryimage"},"image":{"@id":"https:\/\/paperandkraft.com\/shop\/produit\/la-plume-2\/#primaryimage"},"thumbnailUrl":"https:\/\/paperandkraft.com\/shop\/wp-content\/uploads\/2020\/03\/plume-couv.jpg","datePublished":"2015-10-17T16:19:02+00:00","dateModified":"2022-01-07T21:04:08+00:00","description":"D\u00e9couvrez et personnalisez votre faire-part naissance plume. Rose ? bleue ? verte ? Choisissez la couleur de votre plume pour annoncer la naissance de votre enfant !","breadcrumb":{"@id":"https:\/\/paperandkraft.com\/shop\/produit\/la-plume-2\/#breadcrumb"},"inLanguage":"fr-FR","potentialAction":[{"@type":"ReadAction","target":["https:\/\/paperandkraft.com\/shop\/produit\/la-plume-2\/"]}]},{"@type":"ImageObject","inLanguage":"fr-FR","@id":"https:\/\/paperandkraft.com\/shop\/produit\/la-plume-2\/#primaryimage","url":"https:\/\/paperandkraft.com\/shop\/wp-content\/uploads\/2020\/03\/plume-couv.jpg","contentUrl":"https:\/\/paperandkraft.com\/shop\/wp-content\/uploads\/2020\/03\/plume-couv.jpg","width":1134,"height":1134},{"@type":"BreadcrumbList","@id":"https:\/\/paperandkraft.com\/shop\/produit\/la-plume-2\/#breadcrumb","itemListElement":[{"@type":"ListItem","position":1,"name":"Accueil","item":"https:\/\/paperandkraft.com\/shop\/"},{"@type":"ListItem","position":2,"name":"Boutique","item":"https:\/\/paperandkraft.com\/shop\/boutique\/"},{"@type":"ListItem","position":3,"name":"L\u00e9ger comme une Plume"}]},{"@type":"WebSite","@id":"https:\/\/paperandkraft.com\/shop\/#website","url":"https:\/\/paperandkraft.com\/shop\/","name":"PaperAndKraft","description":"Faire-part de mariage et naissance en papier recycl\u00e9","publisher":{"@id":"https:\/\/paperandkraft.com\/shop\/#organization"},"potentialAction":[{"@type":"SearchAction","target":{"@type":"EntryPoint","urlTemplate":"https:\/\/paperandkraft.com\/shop\/?s={search_term_string}"},"query-input":{"@type":"PropertyValueSpecification","valueRequired":true,"valueName":"search_term_string"}}],"inLanguage":"fr-FR"},{"@type":"Organization","@id":"https:\/\/paperandkraft.com\/shop\/#organization","name":"Paper And Kraft : Faire-Part","url":"https:\/\/paperandkraft.com\/shop\/","logo":{"@type":"ImageObject","inLanguage":"fr-FR","@id":"https:\/\/paperandkraft.com\/shop\/#\/schema\/logo\/image\/","url":"https:\/\/paperandkraft.com\/shop\/wp-content\/uploads\/2020\/03\/logo-2020-noir-1.png","contentUrl":"https:\/\/paperandkraft.com\/shop\/wp-content\/uploads\/2020\/03\/logo-2020-noir-1.png","width":350,"height":76,"caption":"Paper And Kraft : Faire-Part"},"image":{"@id":"https:\/\/paperandkraft.com\/shop\/#\/schema\/logo\/image\/"},"sameAs":["https:\/\/www.facebook.com\/paperandkraft","https:\/\/www.instagram.com\/paper_and_kraft\/","https:\/\/www.pinterest.fr\/paperandkraft\/"]}]},"product_price_amount":"4.00","product_price_currency":"EUR","og_availability":"instock","product_availability":"instock","product_condition":"new"},"_links":{"self":[{"href":"https:\/\/paperandkraft.com\/shop\/wp-json\/wp\/v2\/product\/899","targetHints":{"allow":["GET"]}}],"collection":[{"href":"https:\/\/paperandkraft.com\/shop\/wp-json\/wp\/v2\/product"}],"about":[{"href":"https:\/\/paperandkraft.com\/shop\/wp-json\/wp\/v2\/types\/product"}],"replies":[{"embeddable":true,"href":"https:\/\/paperandkraft.com\/shop\/wp-json\/wp\/v2\/comments?post=899"}],"wp:featuredmedia":[{"embeddable":true,"href":"https:\/\/paperandkraft.com\/shop\/wp-json\/wp\/v2\/media\/16410"}],"wp:attachment":[{"href":"https:\/\/paperandkraft.com\/shop\/wp-json\/wp\/v2\/media?parent=899"}],"wp:term":[{"taxonomy":"product_brand","embeddable":true,"href":"https:\/\/paperandkraft.com\/shop\/wp-json\/wp\/v2\/product_brand?post=899"},{"taxonomy":"product_cat","embeddable":true,"href":"https:\/\/paperandkraft.com\/shop\/wp-json\/wp\/v2\/product_cat?post=899"},{"taxonomy":"product_tag","embeddable":true,"href":"https:\/\/paperandkraft.com\/shop\/wp-json\/wp\/v2\/product_tag?post=899"}],"curies":[{"name":"wp","href":"https:\/\/api.w.org\/{rel}","templated":true}]}}

Léger comme une Plume

<p>La naissance d&#8217;un enfant est unique, et l&#8217;annonce de sa venue est une étape importante et contribue à fabriquer des souvenirs inoubliables. Un bébé léger comme plume est arrivé dans votre vie et vous souhaitez l&#8217;annoncer à tous vos amis et proches.</p>
<h3>Pourquoi choisir le faire-part de naissance plume pour annoncer la naissance de votre enfant ?</h3>
<p>La plume est le symbole de la légèreté, de la simplicité et de la pureté. N&#8217;est ce pas le symbole approprié pour annoncer la venue au monde de votre nouveau né ? Ce petit boutchou de quelques centimètres ne fait que quelques milliers de grammes. Si frêle et fragile comme les plumes d&#8217; un oiseau, votre bébé est la plus belle chose qui vous soit arrivée.</p>
<p>Personnalisez le faire-part plume comme vous le souhaitez :</p>
<ul>
<li>Vous attendez un garçon ? Alors nous changerons la couleur de la plume par une teinte plus masculine comme le bleu, le vert, le rouge ou le marron peut-être</li>
<li>C&#8217;est une petite fille que vous avez mis au monde, alors optez pour une plume dans un ton pastel comme le rose ou le vert anis</li>
</ul>
<p>Imaginez un texte tout en légèreté et simplicité à l&#8217;image de la plume que vous avez choisi. Nous vous proposerons une mise en page élégante, aérée et équilibrée. Elle sera illustrée par de légères plumes de couleur.</p>
<p>Avec vous nous réaliserons le faire-part de naissance de vos rêves. Il sera unique, original et plein de douceur comme une plume&#8230;.</p>
<p>A personnaliser selon vos envies</p>

<!-- This site is optimized with the Yoast SEO Premium plugin v24.6 (Yoast SEO v27.4) - https://yoast.com/product/yoast-seo-premium-wordpress/ -->
<title>Faire-part de naissance plume - Paperandkraft.com</title>
<meta name="description" content="Découvrez et personnalisez votre faire-part naissance plume. Rose ? bleue ? verte ? Choisissez la couleur de votre plume pour annoncer la naissance de votre enfant !" />
<meta name="robots" content="index, follow, max-snippet:-1, max-image-preview:large, max-video-preview:-1" />
<link rel="canonical" href="https://paperandkraft.com/shop/produit/la-plume-2/" />
<meta property="og:locale" content="fr_FR" />
<meta property="og:type" content="article" />
<meta property="og:title" content="Léger comme une Plume" />
<meta property="og:url" content="https://paperandkraft.com/shop/produit/la-plume-2/" />
<meta property="og:site_name" content="PaperAndKraft" />
<meta property="article:publisher" content="https://www.facebook.com/paperandkraft" />
<meta property="article:modified_time" content="2022-01-07T21:04:08+00:00" />
<meta property="og:image" content="https://paperandkraft.com/shop/wp-content/uploads/2020/03/plume-couv.jpg" />
	<meta property="og:image:width" content="1134" />
	<meta property="og:image:height" content="1134" />
	<meta property="og:image:type" content="image/jpeg" />
<meta name="twitter:card" content="summary_large_image" />
<meta name="twitter:label1" content="Prix" />
	<meta name="twitter:data1" content="4.00&euro;" />
	<meta name="twitter:label2" content="Disponibilité" />
	<meta name="twitter:data2" content="En stock" />
<meta property="product:price:amount" content="4.00" />
<meta property="product:price:currency" content="EUR" />
<meta property="og:availability" content="instock" />
<meta property="product:availability" content="instock" />
<meta property="product:condition" content="new" />
<!-- / Yoast SEO Premium plugin. -->

Découvrez et personnalisez votre faire-part naissance plume. Rose ? bleue ? verte ? Choisissez la couleur de votre plume pour annoncer la naissance de votre enfant !

Faire-part de mariage et naissance en papier recyclé
