{"id":20995,"date":"2022-03-18T08:14:07","date_gmt":"2022-03-18T08:14:07","guid":{"rendered":"https:\/\/paperandkraft.com\/shop\/?post_type=product&#038;p=20995"},"modified":"2022-03-18T08:20:56","modified_gmt":"2022-03-18T08:20:56","slug":"carton-multi-usage-mariage-accordeon-voyage","status":"publish","type":"product","link":"https:\/\/paperandkraft.com\/shop\/produit\/carton-multi-usage-mariage-accordeon-voyage\/","title":{"rendered":"carton multi usage mariage accord\u00e9on voyage"},"content":{"rendered":"<p>Conviez vos proches et amis \u00e0 votre mariage avec cette invitation mariage pour cocktail et d\u00eener sur le th\u00e8me du voyage<\/p>\n<p>A personnaliser selon vos envies<\/p>\n","protected":false},"excerpt":{"rendered":"<p>Conviez vos proches et amis \u00e0 votre mariage avec cette invitation mariage pour cocktail et d\u00eener sur le th\u00e8me du voyage A personnaliser selon vos envies<\/p>\n","protected":false},"featured_media":20996,"comment_status":"open","ping_status":"closed","template":"","meta":{"_acf_changed":false,"inline_featured_image":false},"product_brand":[],"product_cat":[111],"product_tag":[],"class_list":{"0":"post-20995","1":"product","2":"type-product","3":"status-publish","4":"has-post-thumbnail","6":"product_cat-invitations","8":"first","9":"instock","10":"taxable","11":"shipping-taxable","12":"purchasable","13":"product-type-simple"},"acf":[],"yoast_head":"<!-- This site is optimized with the Yoast SEO Premium plugin v24.6 (Yoast SEO v27.2) - https:\/\/yoast.com\/product\/yoast-seo-premium-wordpress\/ -->\n<title>carton multi usage mariage voyage - paperandkraft.com<\/title>\n<meta name=\"description\" content=\"Besoin d un carton suppl\u00e9mentaire pour distinguer les invit\u00e9s aux cocktail de ceux au diner , ou bien d un carton r\u00e9ponse, ou encore ajouter une liste d h\u00f4tel ou un plan ? utilisez ce carton multi usage sur le theme du voyage :)\" \/>\n<meta name=\"robots\" content=\"index, follow, max-snippet:-1, max-image-preview:large, max-video-preview:-1\" \/>\n<link rel=\"canonical\" href=\"https:\/\/paperandkraft.com\/shop\/produit\/carton-multi-usage-mariage-accordeon-voyage\/\" \/>\n<meta property=\"og:locale\" content=\"fr_FR\" \/>\n<meta property=\"og:type\" content=\"article\" \/>\n<meta property=\"og:title\" content=\"carton multi usage mariage accord\u00e9on voyage\" \/>\n<meta property=\"og:description\" content=\"Conviez vos proches et amis \u00e0 votre mariage avec cette invitation mariage pour cocktail et d\u00eener sur le th\u00e8me du voyage  A personnaliser selon vos envies\" \/>\n<meta property=\"og:url\" content=\"https:\/\/paperandkraft.com\/shop\/produit\/carton-multi-usage-mariage-accordeon-voyage\/\" \/>\n<meta property=\"og:site_name\" content=\"PaperAndKraft\" \/>\n<meta property=\"article:publisher\" content=\"https:\/\/www.facebook.com\/paperandkraft\" \/>\n<meta property=\"article:modified_time\" content=\"2022-03-18T08:20:56+00:00\" \/>\n<meta property=\"og:image\" content=\"https:\/\/paperandkraft.com\/shop\/wp-content\/uploads\/2022\/03\/presentation-carton-supplementaire-faire-part-mariage-around-the-wolrd.jpg\" \/>\n\t<meta property=\"og:image:width\" content=\"700\" \/>\n\t<meta property=\"og:image:height\" content=\"700\" \/>\n\t<meta property=\"og:image:type\" content=\"image\/jpeg\" \/>\n<meta name=\"twitter:card\" content=\"summary_large_image\" \/>\n<meta name=\"twitter:label1\" content=\"Prix\" \/>\n\t<meta name=\"twitter:data1\" content=\"1.00&euro;\" \/>\n\t<meta name=\"twitter:label2\" content=\"Disponibilit\u00e9\" \/>\n\t<meta name=\"twitter:data2\" content=\"En stock\" \/>\n<meta property=\"product:price:amount\" content=\"1.00\" \/>\n<meta property=\"product:price:currency\" content=\"EUR\" \/>\n<meta property=\"og:availability\" content=\"instock\" \/>\n<meta property=\"product:availability\" content=\"instock\" \/>\n<meta property=\"product:condition\" content=\"new\" \/>\n<!-- \/ Yoast SEO Premium plugin. -->","yoast_head_json":{"title":"carton multi usage mariage voyage - paperandkraft.com","description":"Besoin d un carton suppl\u00e9mentaire pour distinguer les invit\u00e9s aux cocktail de ceux au diner , ou bien d un carton r\u00e9ponse, ou encore ajouter une liste d h\u00f4tel ou un plan ? utilisez ce carton multi usage sur le theme du voyage :)","robots":{"index":"index","follow":"follow","max-snippet":"max-snippet:-1","max-image-preview":"max-image-preview:large","max-video-preview":"max-video-preview:-1"},"canonical":"https:\/\/paperandkraft.com\/shop\/produit\/carton-multi-usage-mariage-accordeon-voyage\/","og_locale":"fr_FR","og_type":"article","og_title":"carton multi usage mariage accord\u00e9on voyage","og_description":"Conviez vos proches et amis \u00e0 votre mariage avec cette invitation mariage pour cocktail et d\u00eener sur le th\u00e8me du voyage  A personnaliser selon vos envies","og_url":"https:\/\/paperandkraft.com\/shop\/produit\/carton-multi-usage-mariage-accordeon-voyage\/","og_site_name":"PaperAndKraft","article_publisher":"https:\/\/www.facebook.com\/paperandkraft","article_modified_time":"2022-03-18T08:20:56+00:00","og_image":[{"width":700,"height":700,"url":"https:\/\/paperandkraft.com\/shop\/wp-content\/uploads\/2022\/03\/presentation-carton-supplementaire-faire-part-mariage-around-the-wolrd.jpg","type":"image\/jpeg"}],"twitter_card":"summary_large_image","twitter_misc":{"Prix":"1.00&euro;","Disponibilit\u00e9":"En stock"},"schema":{"@context":"https:\/\/schema.org","@graph":[{"@type":"WebPage","@id":"https:\/\/paperandkraft.com\/shop\/produit\/carton-multi-usage-mariage-accordeon-voyage\/","url":"https:\/\/paperandkraft.com\/shop\/produit\/carton-multi-usage-mariage-accordeon-voyage\/","name":"carton multi usage mariage voyage - paperandkraft.com","isPartOf":{"@id":"https:\/\/paperandkraft.com\/shop\/#website"},"primaryImageOfPage":{"@id":"https:\/\/paperandkraft.com\/shop\/produit\/carton-multi-usage-mariage-accordeon-voyage\/#primaryimage"},"image":{"@id":"https:\/\/paperandkraft.com\/shop\/produit\/carton-multi-usage-mariage-accordeon-voyage\/#primaryimage"},"thumbnailUrl":"https:\/\/paperandkraft.com\/shop\/wp-content\/uploads\/2022\/03\/presentation-carton-supplementaire-faire-part-mariage-around-the-wolrd.jpg","datePublished":"2022-03-18T08:14:07+00:00","dateModified":"2022-03-18T08:20:56+00:00","description":"Besoin d un carton suppl\u00e9mentaire pour distinguer les invit\u00e9s aux cocktail de ceux au diner , ou bien d un carton r\u00e9ponse, ou encore ajouter une liste d h\u00f4tel ou un plan ? utilisez ce carton multi usage sur le theme du voyage :)","breadcrumb":{"@id":"https:\/\/paperandkraft.com\/shop\/produit\/carton-multi-usage-mariage-accordeon-voyage\/#breadcrumb"},"inLanguage":"fr-FR","potentialAction":[{"@type":"ReadAction","target":["https:\/\/paperandkraft.com\/shop\/produit\/carton-multi-usage-mariage-accordeon-voyage\/"]}]},{"@type":"ImageObject","inLanguage":"fr-FR","@id":"https:\/\/paperandkraft.com\/shop\/produit\/carton-multi-usage-mariage-accordeon-voyage\/#primaryimage","url":"https:\/\/paperandkraft.com\/shop\/wp-content\/uploads\/2022\/03\/presentation-carton-supplementaire-faire-part-mariage-around-the-wolrd.jpg","contentUrl":"https:\/\/paperandkraft.com\/shop\/wp-content\/uploads\/2022\/03\/presentation-carton-supplementaire-faire-part-mariage-around-the-wolrd.jpg","width":700,"height":700,"caption":"carton multifonction faire-part de mariage voyage"},{"@type":"BreadcrumbList","@id":"https:\/\/paperandkraft.com\/shop\/produit\/carton-multi-usage-mariage-accordeon-voyage\/#breadcrumb","itemListElement":[{"@type":"ListItem","position":1,"name":"Accueil","item":"https:\/\/paperandkraft.com\/shop\/"},{"@type":"ListItem","position":2,"name":"Boutique","item":"https:\/\/paperandkraft.com\/shop\/boutique\/"},{"@type":"ListItem","position":3,"name":"carton multi usage mariage accord\u00e9on voyage"}]},{"@type":"WebSite","@id":"https:\/\/paperandkraft.com\/shop\/#website","url":"https:\/\/paperandkraft.com\/shop\/","name":"PaperAndKraft","description":"Faire-part de mariage et naissance en papier recycl\u00e9","publisher":{"@id":"https:\/\/paperandkraft.com\/shop\/#organization"},"potentialAction":[{"@type":"SearchAction","target":{"@type":"EntryPoint","urlTemplate":"https:\/\/paperandkraft.com\/shop\/?s={search_term_string}"},"query-input":{"@type":"PropertyValueSpecification","valueRequired":true,"valueName":"search_term_string"}}],"inLanguage":"fr-FR"},{"@type":"Organization","@id":"https:\/\/paperandkraft.com\/shop\/#organization","name":"Paper And Kraft : Faire-Part","url":"https:\/\/paperandkraft.com\/shop\/","logo":{"@type":"ImageObject","inLanguage":"fr-FR","@id":"https:\/\/paperandkraft.com\/shop\/#\/schema\/logo\/image\/","url":"https:\/\/paperandkraft.com\/shop\/wp-content\/uploads\/2020\/03\/logo-2020-noir-1.png","contentUrl":"https:\/\/paperandkraft.com\/shop\/wp-content\/uploads\/2020\/03\/logo-2020-noir-1.png","width":350,"height":76,"caption":"Paper And Kraft : Faire-Part"},"image":{"@id":"https:\/\/paperandkraft.com\/shop\/#\/schema\/logo\/image\/"},"sameAs":["https:\/\/www.facebook.com\/paperandkraft","https:\/\/www.instagram.com\/paper_and_kraft\/","https:\/\/www.pinterest.fr\/paperandkraft\/"]}]},"product_price_amount":"1.00","product_price_currency":"EUR","og_availability":"instock","product_availability":"instock","product_condition":"new"},"_links":{"self":[{"href":"https:\/\/paperandkraft.com\/shop\/wp-json\/wp\/v2\/product\/20995","targetHints":{"allow":["GET"]}}],"collection":[{"href":"https:\/\/paperandkraft.com\/shop\/wp-json\/wp\/v2\/product"}],"about":[{"href":"https:\/\/paperandkraft.com\/shop\/wp-json\/wp\/v2\/types\/product"}],"replies":[{"embeddable":true,"href":"https:\/\/paperandkraft.com\/shop\/wp-json\/wp\/v2\/comments?post=20995"}],"wp:featuredmedia":[{"embeddable":true,"href":"https:\/\/paperandkraft.com\/shop\/wp-json\/wp\/v2\/media\/20996"}],"wp:attachment":[{"href":"https:\/\/paperandkraft.com\/shop\/wp-json\/wp\/v2\/media?parent=20995"}],"wp:term":[{"taxonomy":"product_brand","embeddable":true,"href":"https:\/\/paperandkraft.com\/shop\/wp-json\/wp\/v2\/product_brand?post=20995"},{"taxonomy":"product_cat","embeddable":true,"href":"https:\/\/paperandkraft.com\/shop\/wp-json\/wp\/v2\/product_cat?post=20995"},{"taxonomy":"product_tag","embeddable":true,"href":"https:\/\/paperandkraft.com\/shop\/wp-json\/wp\/v2\/product_tag?post=20995"}],"curies":[{"name":"wp","href":"https:\/\/api.w.org\/{rel}","templated":true}]}}